55 - 6))?
-60
What is the value of (-20 + -3 - 9 - ((1 - -4) + -3)) + -3?
-37
-31 - (81 + -36 + -10)
-66
(-12 - 8) + 12 + (-92 - -24)
-76
25 - (-2 - -28) - -20 - (5 - 15)
29
Evaluate (-1 - -8) + -70 + (-8 - -102).
31
Calculate (-2 - -2) + -59 + (-20 - -53 - 20).
-46
What is 1 - (0 + 4) - (-74 + (-14 - (-3 + -52)))?
30
Evaluate -28 - (32 - -7) - (-24 + -2).
-41
What is (11 - -1) + 4 + (12 + -10 - -43)?
61
Calculate (-1 - 11) + 3 + 145 + -94 + 31.
73
What is the value of (-14270 - -14295) + (-3 - -2 - (-2 - -2))?
24
What is -17 + 4 + 6 + 4 + -8 - (-485 + 437)?
37
What is the value of 6 + (6 - ((4 - (9 - 0)) + -2))?
19
Evaluate (15 + -9 - 15) + (-1 - -3) + (1024 - 923).
94
What is -8 - -4 - -18 - (107 + (-53 - -37))?
-77
Evaluate 96 + (11 - (6 + -1) - (2 + (5 - -8))).
87
Calculate 38 + (12 - (-6 - (-1 - 21))).
34
(0 + 3 + -9 - (71 - 89)) + (-1 - 113)
-102
What is 29 + -126 + (-34 - -54)?
-77
What is (0 + (-3 - -7) - 16) + -3 + (44 - -24)?
53
Evaluate 63 - 125 - (8 + -41).
-29
Evaluate -5 + (1 - (0 + -7 + 0 + -1)).
4
Calculate 29 + (-23 - (-43 + 57)).
-8
What is the value of -67 + (12 - (-5 + (27 - 15)))?
-62
What is the value of -57 + 86 - (-12 + -7 + 7 + 1)?
40
59 - (27 + 11) - 28
-7
What is the value of -1 + (-7 - (-2 + -4 + 12 - (-6 - -15)))?
-5
-6 + -4 + 56 + 4 + -12 + 6 - -4
48
What is (2 - 2) + 79 - (-1670 + 1668)?
81
What is the value of 6 - (23 - ((-2 - 59) + 26))?
-52
What is the value of 23 + (12 - -39) - 110?
-36
Calculate 85 + (-36 - -10) + (0 - 13).
46
Calculate -68 - -1 - (1 + 21 - (-178 - -86 - -100)).
-81
Evaluate -12 - -9 - (14 + (8 - (12 - 9))).
-22
Evaluate -8 + (-16 - -6) - (14 - 17 - -14).
-29
What is the value of (20 - 2 - 1 - -18) + 12?
47
Calculate (120 - (-9 - 8)) + -48.
89
Calculate -86 - ((-20 - -31) + -5 - (3 - (11 + -4))).
-96
Evaluate -3 - (-2 - -12 - ((1 - 18) + 130 + -13)).
87
10 + (-34 - (-21 + 15)) + -6
-24
Evaluate -122 + (136 - -118) + -107.
25
Evaluate -36 - (30 + -68 + 128).
-126
81 + 42 - 139 - ((2 - -2) + -102)
82
What is the value of -12 + (-20 - -12) + (-9 - -5) + 11 + 106?
93
20 - (16 + (-8 - (-23 - -17)))
6
Evaluate (-1 - (-1 - -1)) + (99 - 35) + (15 - 30).
48
What is 2 + (-22 + 38 - 26) - (15 - -1)?
-24
Calculate (15 - (0 - (19 + -35))) + 1.
0
31 + -23 + 7 + 3 + 6 + 8
32
What is the value of (-1625 - -1509) + (-2 - 0) + 2 + -6?
-122
Evaluate -18 + 52 - (0 + 3) - (4 + 1).
26
Evaluate -85 - (-107 + 84 + -69).
7
What is 11 - (24 + -9) - (-37 + (-2 - 5 - 3))?
43
-29 + (97 - 118) + 43 + 0
-7
10 + -11 + -14 + 4 - (-57 - (-6 - -13))
53
Calculate 791 - 766 - ((93 - 8) + 2).
-62
What is 0 - 11 - ((11 - 29 - (18 + -56)) + -46)?
15
Calculate 13 + (22 - 42) - (-5 - 0).
-2
What is 13 - (26 - -15 - 44) - 37?
-21
Evaluate -4 + -2 + (-9 - -9) + 32 + -1.
25
(5 - -8) + 81 + -111
-17
What is -1 - 11 - (-2631 + 2568)?
51
Evaluate 99 + -84 + -6 + -2 + (-4 - -28).
31
Evaluate -2 + 10 + (-27 - -7) + -20.
-32
Calculate 1137 - 1205 - (-90 + -12).
34
Evaluate -8 - (0 + 7 - (-10 + 6 + -97) - -11).
-127
Calculate -13 - (1 - -9 - (-11 - -8) - 10).
-16
What is the value of -35 + (-54 - -60) - -29?
0
What is the value of -101 + 110 - (13 + -1) - (-7 - 3)?
7
Evaluate (7 - ((-17 - -9) + -39 - (2 - -3))) + 3.
62
Evaluate 51 - (-34 - -27 - -49).
9
Evaluate 0 + 5 + -120 + -4 - (-563 + 542).
-98
-1 - -14 - ((12 - 32) + -6 - (-2 - -35))
72
Evaluate (10 - 7) + 146 + -54 - (6 - 0).
89
4 + 20 + -17 + -1 + -50 + (6 - 9)
-47
-6 - (108 + (253 - 261) + (0 + 2 - -10))
-118
What is 845 - 838 - (1 + (-4 + (0 - -5) - 47))?
52
Calculate 27 + 48 + (-37 - 47).
-9
Calculate 42 - ((6 - (9 - (-10 + 2))) + 1).
52
Calculate 62 - (125 + -66 - -118).
-115
(-49 - -2) + (18 - -14) + -15 + -2
-32
Evaluate 168 + -200 - (-16 - (-26 + 10)).
-32
What is 29 + (-51 + 2 - (-39 - -11))?
8
(0 + 0 - (-202 - -196)) + (3 - -98)
107
59 + -36 + -37 - 56 - (2 + -1)
-71
What is the value of (-17 - (106 + -67)) + 153?
97
Calculate 1 + 5 - (-1 + -1 + 0) - (6736 - 6705).
-23
What is (-48 + 1 - 30 - 8) + -47?
-132
Calculate 50 + 1 + (-1 - -3) + 2 - (587 - 600).
68
Calculate (50 - (-15 + 88)) + ((5 - 3) + 0 - 7).
-28
Calculate -8 + (14 - 7) - (47 + -36) - -78.
66
Calculate 57 + (-106 - (-75 - -129)).
-103
What is (-59 + -2 + (28 - 34) - -14) + 12?
-41
49 + -12 - -12 - 54
-5
What is (6 - -21) + -27 + -4?
-4
Evaluate 6 + (17 + -7 - 25) - (-3 + 34).
-40
Calculate 1 - (97 + -45 + -2).
-49
-739 - -521 - (-10 - 56)
-152
What is -54 + -9 + 9 + 76?
22
What is the value of -9 - (14 + -32 + 8) - (-60 - 2)?
63
-10 + (-8 - (8 + -2 + -6 - (-5 - -8)))
-15
69 - (-75 + 168) - (28 + 1 + 4)
-57
(55 - 74) + (-11 - -46)
16
What is the value of -64 + 23 - (9 + -116) - 37?
29
What is -133 + 112 + 21 + -34?
-34
Evaluate 34 + (19 - (25 - 10) - (-3 + -2)).
43
What is the value of 28 + (-9 - 11) + 2 + 6 + (-9 - -17)?
24
What is (20 - (7 + 11 + -18)) + (-5 - 1)?
14
Calculate -8 + 35 + -135 + 67.
-41
What is the value of 29 + (-31 - -12) + 5 + -62 + 1?
-46
Evaluate -99 - -138 - (1 - -24).
14
Evaluate (69 - 47 - (-16 + -3)) + -6.
35
What is the value of 33 + 23 - -14 - 64?
6
What is -2 + 1 + (-1492 - -1481)?
-12
250 + -178 + (-94 - -14)
-8
What is the value of 12 - (838 - 870 - (0 - 44))?
0
Evaluate -4 - (-76 - (-46 + 8)).
34
13 + -39 + 37 + 1 + (8 - 10)
10
Calculate -121 - -74 - (3 + -53).
3
Evaluate -58 - (-30 - (-54 + 50)).
-32
What is -72 - (-108 - -26) - (-3 + 9 - (-3 + 1))?
2
Evaluate (-2 - -1) + 19 + (-17193 - -17114).
-61
-4 + -8 + -5 + 6 + 1 - (-35 + -5)
30
What is (6 - 11 - 1) + -149 + 127?
-28
What is -46 + 66 + (-25 - 77)?
-82
What is the value of -23 - (-7 + 21 + -12 + 11 + -13)?
-23
What is -12 + ((61 - 8) + 6 - (-103 - -88))?
62
68 - 1 - (-756 - -748)
75
What is the value of 43 - 154 - (-26 + -35)?
-50
Calculate 551 + -552 + (14 - 68).
-55
Evaluate 42 + -42 + 220 + -226.
-6
-54 + 65 + (-16 - 32)
-37
Evaluate (6 - 12) + (8 - (-5 + 3 + (-2 - -12))).
-6
What is the value of 6 + 1 + (18 - 37) + -14 + -1?
-27
Evaluate 5 + (13 - (56 + 4 - 11)).
-31
What is -12 + (59 - 37) - (3 + 0)?
7
Evaluate -256 - -15 - (99 - 239).
-101
What is the value of -34 - (12 - 53 - -4)?
3
Evaluate (6 - 0) + -10 + 24 + -33 + 2.
-11
Calculate (165 - 6) + -146 + (-89 - (0 - -1)) - 9.
-86
Calculate 182 + 73 + -13 - 115.
127
What is 33 + -1 + (79 + 64 - 177)?
-2
Calculate (-3 + 0 - -6 - 1) + -18 + (46 - 48).
-18
11 - (-63 + -7 + 14)
67
(-5 - (-4 - -42)) + (-1 - 0) + (85 - 81)
-40
What is (-64 - -3 - 1 - -3) + (21 - 38 - -16)?
-60
What is the value of -2 + 9 + 2 + (-5 - 67 - -46)?
-17
What is (13 - 1) + (-10 - 67) + -30 + 52?
-43
-36 - (21 - (-20 + (7 - -27)))
-43
Calculate -763 + 698 - (-54 + 0).
-11
(3 - 15) + 13 + -3 + 12 + 6
16
Evaluate (-62 + 23 - -63) + 1 + -85.
-60
What is 28 - (78 + -22 + -48 + 1 + (0 - -2))?
17
What is the value of 4996 + -5071 + (1 - (0 + 1)) - (-14 - 1)?
-60
(23 - 3) + (24 - (-6 + (34 - 10)))
26
What is 17 + 0 + -12 - 21 - -15?
-1
What is (-2 + (-5 - 5) - 9) + (-20 - -11 - -2)?
-28
What is (-17 + 6 + 6 - (8 - 3)) + -9 + -19?
-38
Calculate -10 + 12 + 2 + (6 - 21) + 26.
15
What is 42 + 22 + -73 + (-30 - 4)?
-43
65 + -30 + -107 - -98
26
What is 8 - (-3 + -25 + (-3 - -18) + 1)?
20
What is the value of (-44 - 23) + (15 - 22) + 32?
-42
What is the value of 50 + 42 + -229 + 133?
-4
Calculate (-65 - -198) + -112 + -17.
4
Calculate -80 + (5 - -97) + -48.
-26
Calculate 20 + (-13 - 9) + 9 - 6 - 2 - -11.
10
Evaluate -48 + 1 + ((-1 - -5) + 6 - 5).
-42
Calculate -38 + 9 + -21 + 63 + -50.
-37
What is -3658 + 3639 + 1 + 54?
36
What is the value of (-8 - -3) + (-12 + 4 - -6) + -7?
-14
What is -31 - (-96 - -48 - -153)?
-136
What is -27 - (-19 - (28 + 6 + 12))?
38
What is the value of -2 + (15 - (-19 + 8)) + -11 + (-44 - -3)?
-28
What is 42 + 33 + -102 - 8?
-35
What is the value of -5 + (-48 - -1 - (-26 - (-15 + -7 + 0)))?
-48
What is the value of 30 - (28 + 0 + -1) - 22?
-19
Calculate 32 - 21 - 20 - (-27 - 7).
25
Evaluate 23 + (3 + -12 - -51) + -16.
49
Calculate 23 - 9 - ((-11 + 12 - 3) + (-11 - -3)).
24
What is the value of 90 - (8 - (19 + -51 + 30))?
80
51 - 7 - ((0 - 7) + (4 - -19) + -4)
32
Evaluate (-15 - 37) + (-1 - -13 - (13 - 13)).
-40
What is 1590 - 1519 - (6 + 0)?
65
What is the value of 15 + (-28 - -19) - (3 + (5 - 5))?
3
What is the value of 18 + 16 + -1 + 173 + -182?
24
1 + -4 + -23 + -27 + 67 + -9
5
Wha